f 31665?
5
What is the tens digit of 3658?
5
What is the tens digit of 13751?
5
What is the thousands digit of 4895?
4
What is the units digit of 1234?
4
What is the tens digit of 42?
4
What is the thousands digit of 78187?
8
What is the tens digit of 83468?
6
What is the units digit of 2797?
7
What is the units digit of 2474?
4
What is the hundreds digit of 14411?
4
What is the hundreds digit of 396?
3
What is the tens digit of 770?
7
What is the hundreds digit of 13182?
1
What is the units digit of 63?
3
What is the thousands digit of 1021?
1
What is the ten thousands digit of 61410?
6
What is the units digit of 71858?
8
What is the ten thousands digit of 28404?
2
What is the hundreds digit of 4004?
0
What is the units digit of 1201?
1
What is the tens digit of 2958?
5
What is the tens digit of 788?
8
What is the units digit of 684?
4
What is the tens digit of 5143?
4
What is the units digit of 35?
5
What is the tens digit of 314?
1
What is the thousands digit of 12957?
2
What is the ten thousands digit of 11302?
1
What is the ten thousands digit of 27342?
2
What is the units digit of 3915?
5
What is the hundreds digit of 1542?
5
What is the hundreds digit of 575?
5
What is the thousands digit of 2916?
2
What is the hundreds digit of 1639?
6
What is the units digit of 511?
1
What is the tens digit of 3405?
0
What is the ten thousands digit of 135466?
3
What is the tens digit of 5841?
4
What is the units digit of 1814?
4
What is the ten thousands digit of 29917?
2
What is the hundreds digit of 6747?
7
What is the thousands digit of 1078?
1
What is the units digit of 9591?
1
What is the units digit of 12741?
1
What is the ten thousands digit of 90392?
9
What is the ten thousands digit of 34696?
3
What is the thousands digit of 2904?
2
What is the tens digit of 1895?
9
What is the hundreds digit of 34855?
8
What is the tens digit of 2953?
5
What is the tens digit of 6522?
2
What is the thousands digit of 2247?
2
What is the tens digit of 1916?
1
What is the thousands digit of 48064?
8
What is the hundreds digit of 100795?
7
What is the thousands digit of 2640?
2
What is the hundreds digit of 106?
1
What is the units digit of 5639?
9
What is the units digit of 905?
5
What is the thousands digit of 1779?
1
What is the ten thousands digit of 95705?
9
What is the hundreds digit of 8712?
7
What is the hundreds digit of 1400?
4
What is the hundreds digit of 170?
1
What is the tens digit of 327?
2
What is the units digit of 2546?
6
What is the hundreds digit of 1278?
2
What is the thousands digit of 2649?
2
What is the tens digit of 160?
6
What is the tens digit of 33648?
4
What is the thousands digit of 21445?
1
What is the tens digit of 6655?
5
What is the tens digit of 2920?
2
What is the thousands digit of 41895?
1
What is the hundreds digit of 6798?
7
What is the units digit of 984?
4
What is the tens digit of 24113?
1
What is the tens digit of 43670?
7
What is the units digit of 16817?
7
What is the units digit of 1601?
1
What is the hundreds digit of 5042?
0
What is the hundreds digit of 965?
9
What is the tens digit of 2645?
4
What is the hundreds digit of 103?
1
What is the ten thousands digit of 12050?
1
What is the tens digit of 6193?
9
What is the tens digit of 962?
6
What is the thousands digit of 67292?
7
What is the hundreds digit of 114610?
6
What is the tens digit of 1645?
4
What is the units digit of 729?
9
What is the tens digit of 3949?
4
What is the tens digit of 53501?
0
What is the hundreds digit of 9326?
3
What is the units digit of 50192?
2
What is the units digit of 36011?
1
What is the units digit of 5?
5
What is the units digit of 18652?
2
What is the hundreds digit of 1147?
1
What is the units digit of 128?
8
What is the units digit of 1270?
0
What is the thousands digit of 17684?
7
What is the tens digit of 28560?
6
What is the units digit of 134460?
0
What is the thousands digit of 72862?
2
What is the tens digit of 32447?
4
What is the thousands digit of 1530?
1
What is the thousands digit of 3553?
3
What is the units digit of 1661?
1
What is the ten thousands digit of 64778?
6
What is the units digit of 191?
1
What is the ten thousands digit of 15802?
1
What is the tens digit of 28116?
1
What is the units digit of 7190?
0
What is the hundreds digit of 37773?
7
What is the hundreds digit of 22237?
2
What is the ten thousands digit of 27720?
2
What is the tens digit of 1555?
5
What is the tens digit of 677?
7
What is the units digit of 5636?
6
What is the units digit of 22835?
5
What is the hundreds digit of 476?
4
What is the thousands digit of 2719?
2
What is the tens digit of 1854?
5
What is the hundreds digit of 101766?
7
What is the tens digit of 227?
2
What is the hundreds digit of 86451?
4
What is the hundred thousands digit of 162752?
1
What is the tens digit of 2355?
5
What is the hundreds digit of 150910?
9
What is the thousands digit of 7476?
7
What is the thousands digit of 59127?
9
What is the units digit of 3454?
4
What is the units digit of 398?
8
What is the tens digit of 512?
1
What is the units digit of 702?
2
What is the hundreds digit of 120264?
2
What is the tens digit of 250?
5
What is the units digit of 56055?
5
What is the units digit of 7814?
4
What is the thousands digit of 1701?
1
What is the units digit of 990?
0
What is the tens digit of 10094?
9
What is the thousands digit of 20821?
0
What is the tens digit of 81?
8
What is the ten thousands digit of 106361?
0
What is the thousands digit of 3190?
3
What is the hundreds digit of 1207?
2
What is the tens digit of 3196?
9
What is the hundreds digit of 748?
7
What is the hundreds digit of 485?
4
What is the tens digit of 176?
7
What is the tens digit of 867?
6
What is the tens digit of 405?
0
What is the hundreds digit of 170742?
7
What is the hundreds digit of 23852?
8
What is the units digit of 1066?
6
What is the units digit of 2286?
6
What is the hundreds digit of 3605?
6
What is the tens digit of 1995?
9
What is the tens digit of 2878?
7
What is the tens digit of 31082?
8
What is the units digit of 1366?
6
What is the thousands digit of 2613?
2
What is the tens digit of 29?
2
What is the hundreds digit of 2971?
9
What is the units digit of 207?
7
What is the thousands digit of 1849?
1
What is the units digit of 870?
0
What is the tens digit of 1159?
5
What is the thousands digit of 70158?
0
What is the units digit of 10886?
6
What is the units digit of 91546?
6
What is the tens digit of 5695?
9
What is the hundreds digit of 8441?
4
What is the units digit of 9520?
0
What is the tens digit of 293?
9
What is the units digit of 73633?
3
What is the tens digit of 2604?
0
What is the hundreds digit of 925?
9
What is the hundreds digit of 528?
5
What is the thousands digit of 1617?
1
What is the thousands digit of 5031?
5
What is the thousands digit of 1182?
1
What is the tens digit of 19691?
9
What is the units digit of 1511?
1
What is the thousands digit of 3545?
3
What is the hundreds digit of 106395?
3
What is the units digit of 519?
9
What is the hundreds digit of 319?
3
What is the units digit of 17164?
4
What is the units digit of 25632?
2
What is the tens digit of 8521?
2
What is the hundreds digit of 2019?
0
What is the tens digit of 34774?
7
What is the tens digit of 166?
6
What is the units digit of 1425?
5
What is the thousands digit of 26440?
6
What is the tens digit of 30229?
2
What is the hundreds digit of 38205?
2
What is the units digit of 483?
3
What is the units digit of 3194?
4
What is the units digit of 22804?
4
What is the tens digit of 2107?
0
What is the hundreds digit of 449?
4
What is the tens digit of 205?
0
What is the tens digit of 2714?
1
What is the hundreds digit of 6830?
8
What is the ten thousands digit of 12034?
1
What is the thousands digit of 1771?
1
What is the hundreds digit of 1550?
5
What is the hundreds digit of 106?
1
What is the units digit of 920?
0
What is the units digit of 3210?
0
What is the thousands digit of 81078?
1
What is the thousands digit of 40398?
0
What is the thousands digit of 3386?
3
What is the thousands digit of 59999?
9
What is the thousands digit of 9020?
9
What is the thousands digit of 9506?
9
What is the tens digit of 8935?
3
What is the ten thousands digit of 89592?
8
What